{"id":37,"date":"2022-12-16T10:29:54","date_gmt":"2022-12-16T10:29:54","guid":{"rendered":"https:\/\/lebensart-handanalytik.ch\/?page_id=37"},"modified":"2025-06-20T20:28:42","modified_gmt":"2025-06-20T20:28:42","slug":"datenschutz","status":"publish","type":"page","link":"https:\/\/lebensart-handanalytik.ch\/?page_id=37","title":{"rendered":"datenschutz"},"content":{"rendered":"<p>[et_pb_section fb_built=&#8220;1&#8243; _builder_version=&#8220;4.19.4&#8243; _module_preset=&#8220;default&#8220; global_colors_info=&#8220;{}&#8220;][et_pb_row _builder_version=&#8220;4.19.4&#8243; _module_preset=&#8220;default&#8220; global_colors_info=&#8220;{}&#8220;][et_pb_column type=&#8220;4_4&#8243; _builder_version=&#8220;4.19.4&#8243; _module_preset=&#8220;default&#8220; global_colors_info=&#8220;{}&#8220;][et_pb_text _builder_version=&#8220;4.20.0&#8243; _module_preset=&#8220;default&#8220; header_font_size=&#8220;100px&#8220; header_font_size_tablet=&#8220;100px&#8220; header_font_size_phone=&#8220;75px&#8220; header_font_size_last_edited=&#8220;on|phone&#8220; global_colors_info=&#8220;{}&#8220;]<\/p>\n<h1 style=\"text-align: center;\">Datenschutzerkl\u00e4rung<\/h1>\n<div id=\"line_space\" dir=\"auto\" style=\"text-align: left;\">\n<p>Mit dieser Datenschutzerkl\u00e4rung informieren wir, welche Personendaten wir im Zusammenhang\u00a0mit unseren Aktivit\u00e4ten und T\u00e4tigkeiten einschliesslich unserer\u00a0lebensart-handanalytik.ch-Website bearbeiten. Wir informieren insbesondere, wofu\u0308r, wie\u00a0und wo wir Personendaten bearbeiten. Wir informieren ausserdem u\u0308ber die Rechte von Personen,\u00a0deren Daten wir bearbeiten.<\/p>\n<p>Fu\u0308r einzelne oder zus\u00e4tzliche Aktivit\u00e4ten und T\u00e4tigkeiten k\u00f6nnen weitere Datenschutzerkl\u00e4rungen\u00a0sowie sonstige rechtliche Dokumente wie Allgemeine Gesch\u00e4ftsbedingungen (AGB),\u00a0Nutzungsbedingungen oder Teilnahmebedingungen gelten.<\/p>\n<p>Wir unterliegen dem schweizerischen Datenschutzrecht sowie allenfalls anwendbarem ausl\u00e4ndischem\u00a0Datenschutzrecht wie insbesondere jenem der Europ\u00e4ischen Union (EU) mit der\u00a0Datenschutz-Grundverordnung (DSGVO). Die Europ\u00e4ische Kommission <span>anerkennt<\/span>, dass das\u00a0schweizerische Datenschutzrecht einen angemessenen Datenschutz gew\u00e4hrleistet.<\/p>\n<p><strong>1. Kontaktadressen<\/strong><\/p>\n<p>Verantwortung fu\u0308r die Bearbeitung von Personendaten:<br \/>Anke Meier-Thiem<br \/>Schochenbergstrasse 2<br \/>CH-9100 Herisau<br \/>info@lebensart-handanalytik.ch<\/p>\n<p>Wir weisen darauf hin, wenn es im Einzelfall andere Verantwortliche fu\u0308r die Bearbeitung von\u00a0Personendaten gibt.<\/p>\n<p><strong>2. Begriffe und Rechtsgrundlagen<\/strong><\/p>\n<p>2.1 Begriffe<\/p>\n<p>Personendaten sind alle Angaben, die sich auf eine bestimmte oder bestimmbare Person beziehen.\u00a0Eine betroffene Person ist eine Person, u\u0308ber die Personendaten bearbeitet werden.\u00a0Bearbeiten umfasst jeden Umgang mit Personendaten, unabh\u00e4ngig von den angewandten Mitteln\u00a0und Verfahren, insbesondere das Aufbewahren, Bekanntgeben, Beschaffen, Erheben, L\u00f6schen,\u00a0Speichern, Ver\u00e4ndern, Vernichten und Verwenden von Personendaten.\u00a0Der Europ\u00e4ische Wirtschaftsraum (EWR) umfasst die Mitgliedstaaten der Europ\u00e4ischen\u00a0Union (EU) sowie das Fu\u0308rstentum Liechtenstein, Island und Norwegen. Die Datenschutz-\u00a0Grundverordnung (DSGVO) bezeichnet die Bearbeitung von Personendaten als Verarbeitung\u00a0von personenbezogenen Daten.<\/p>\n<p>2.2 Rechtsgrundlagen<\/p>\n<p>Wir bearbeiten Personendaten im Einklang mit dem schweizerischen Datenschutzrecht wie\u00a0<span>insbesondere dem <\/span>Bundesgesetz u\u0308ber den Datenschutz <span>(DSG) und der <\/span>Verordnung zum Bundesgesetz\u00a0u\u0308ber den Datenschutz <span>(VDSG).\u00a0<\/span>Wir bearbeiten \u2013 sofern und soweit die Datenschutz-Grundverordnung (DSGVO) anwendbar\u00a0ist \u2013 Personendaten gem\u00e4ss mindestens einer der folgenden Rechtsgrundlagen:<\/p>\n<p>\u2022 <span>Art. 6 Abs. 1 lit. b DSGVO <\/span>fu\u0308r die erforderliche Bearbeitung von Personendaten zur Erfu\u0308llung\u00a0eines Vertrages mit der betroffenen Person sowie zur Durchfu\u0308hrung vorvertraglicher Massnahmen.<\/p>\n<p>\u2022 Art. 6 Abs. 1 lit. f DSGVO fu\u0308r die erforderliche Bearbeitung von Personendaten, um die berechtigten\u00a0Interessen von uns oder von Dritten zu wahren, sofern nicht die Grundfreiheiten\u00a0und Grundrechte sowie Interessen der betroffenen Person u\u0308berwiegen. Berechtigte Interessen\u00a0sind insbesondere unser Interesse, unsere Aktivit\u00e4ten und T\u00e4tigkeiten dauerhaft, nutzerfreundlich,\u00a0sicher und zuverl\u00e4ssig ausu\u0308ben sowie daru\u0308ber kommunizieren zu k\u00f6nnen, die Gew\u00e4hrleistung\u00a0der Informationssicherheit, der Schutz vor Missbrauch, die Durchsetzung von\u00a0eigenen rechtlichen Anspru\u0308chen und die Einhaltung von schweizerischem Recht.<\/p>\n<p>\u2022 Art. 6 Abs. 1 lit. c DSGVO fu\u0308r die erforderliche Bearbeitung von Personendaten zur Erfu\u0308llung\u00a0einer rechtlichen Verpflichtung, der wir gem\u00e4ss allenfalls anwendbarem Recht von Mitgliedstaaten\u00a0im Europ\u00e4ischen Wirtschaftsraum (EWR) unterliegen.<\/p>\n<p>\u2022 Art. 6 Abs. 1 lit. e DSGVO fu\u0308r die erforderliche Bearbeitung von Personendaten zur Wahrnehmung\u00a0einer Aufgabe, die im \u00f6ffentlichen Interesse liegt.<\/p>\n<p>\u2022 Art. 6 Abs. 1 lit. a DSGVO fu\u0308r die Bearbeitung von Personendaten mit Einwilligung der betroffenen\u00a0Person.<\/p>\n<p>\u2022 Art. 6 Abs. 1 lit. d DSGVO fu\u0308r die erforderliche Bearbeitung von Personendaten, um lebenswichtige\u00a0Interessen der betroffenen Person oder einer anderen natu\u0308rlichen Person zu schu\u0308tzen.<\/p>\n<p><b>3. Art, Umfang und Zweck<\/b><\/p>\n<p>Wir bearbeiten jene Personendaten, die erforderlich sind, um unsere Aktivit\u00e4ten und T\u00e4tigkeiten\u00a0dauerhaft, nutzerfreundlich, sicher und zuverl\u00e4ssig ausu\u0308ben zu k\u00f6nnen. Solche Personendaten\u00a0k\u00f6nnen insbesondere in die Kategorien von Bestandes- und Kontaktdaten, Browser- und\u00a0Ger\u00e4tedaten, Inhaltsdaten, Meta- bzw. Randdaten und Nutzungsdaten, Standortdaten, Verkaufsdaten\u00a0sowie Vertrags- und Zahlungsdaten fallen.\u00a0Wir bearbeiten Personendaten w\u00e4hrend jener Dauer, die fu\u0308r den jeweiligen Zweck bzw. die jeweiligen\u00a0Zwecke oder gesetzlich erforderlich ist. Personendaten, deren Bearbeitung nicht mehr\u00a0erforderlich ist, werden anonymisiert oder gel\u00f6scht.\u00a0Wir k\u00f6nnen Personendaten durch Dritte bearbeiten lassen. Wir k\u00f6nnen Personendaten gemeinsam\u00a0mit Dritten bearbeiten oder an Dritte u\u0308bermitteln. Bei solchen Dritten handelt es sich insbesondere\u00a0um spezialisierte Anbieter, deren Leistungen wir in Anspruch nehmen. Wir gew\u00e4hrleisten\u00a0auch bei solchen Dritten den Datenschutz.\u00a0Wir bearbeiten Personendaten nur nach Einwilligung der betroffenen Person, es sei denn, die\u00a0Bearbeitung ist aus anderen rechtlichen Gru\u0308nden zul\u00e4ssig. Die Bearbeitung ohne Einwilligung\u00a0kann beispielsweise zul\u00e4ssig sein zur Erfu\u0308llung eines Vertrages mit der betroffenen Person und\u00a0fu\u0308r entsprechende vorvertragliche Massnahmen, um unsere u\u0308berwiegenden berechtigten Interessen\u00a0zu wahren, weil die Bearbeitung aus den Umst\u00e4nden ersichtlich ist oder nach vorg\u00e4ngiger\u00a0Information.<\/p>\n<p>In diesem Rahmen bearbeiten wir insbesondere Angaben, die eine betroffene Person bei der\u00a0Kontaktaufnahme \u2013 beispielsweise per Briefpost, E-Mail, Instant Messaging, Kontaktformular,\u00a0Social Media oder Telefon \u2013 oder bei der Registrierung fu\u0308r ein Nutzerkonto freiwillig an uns\u00a0u\u0308bermittelt. Wir k\u00f6nnen solche Angaben beispielsweise in einem Adressbuch oder mit vergleichbaren\u00a0Hilfsmitteln speichern. Wenn wir Daten u\u0308ber andere Personen u\u0308bermittelt erhalten,\u00a0sind die u\u0308bermittelnden Personen verpflichtet, den Datenschutz gegenu\u0308ber diesen Personen\u00a0zu gew\u00e4hrleisten sowie die Richtigkeit dieser Personendaten sicherzustellen.<\/p>\n<p>Wir bearbeiten ausserdem Personendaten, die wir von Dritten erhalten, aus \u00f6ffentlich zug\u00e4nglichen\u00a0Quellen beschaffen oder bei der Ausu\u0308bung unserer Aktivit\u00e4ten und T\u00e4tigkeiten erheben,\u00a0sofern und soweit eine solche Bearbeitung aus rechtlichen Gru\u0308nden zul\u00e4ssig ist.<\/p>\n<p><b>4. Personendaten im Ausland<\/b><\/p>\n<p>Wir bearbeiten Personendaten grunds\u00e4tzlich in der Schweiz und im Europ\u00e4ischen Wirtschaftsraum\u00a0(EWR). Wir k\u00f6nnen Personendaten aber auch in andere Staaten exportieren bzw. u\u0308bermitteln,\u00a0insbesondere um sie dort zu bearbeiten oder bearbeiten zu lassen.\u00a0Wir k\u00f6nnen Personendaten in alle <span>Staaten und Territorien auf der Erde <\/span>sowie anderswo im <span>Universum\u00a0<\/span><span>exportieren, sofern das dortige Recht nach <\/span>Einsch\u00e4tzung des Eidgen\u00f6ssischen Datenschutz-\u00a0und \u00d6ffentlichkeitsbeauftragten <span>(ED\u00d6B) oder gem\u00e4ss <\/span>Beschluss des Schweizerischen\u00a0<span>Bundesrates <\/span>einen angemessenen Datenschutz sowie \u2013 sofern und soweit die Datenschutz-\u00a0Grundverordnung (DSGVO) anwendbar ist \u2013 gem\u00e4ss <span>Beschluss der Europ\u00e4ischen Kommission\u00a0<\/span>einen angemessenen Datenschutz gew\u00e4hrleistet.\u00a0Wir k\u00f6nnen Personendaten in Staaten, deren Recht keinen angemessenen Datenschutz gew\u00e4hrleistet,\u00a0u\u0308bermitteln, sofern der Datenschutz aus anderen Gru\u0308nden gew\u00e4hrleistet ist, insbesondere\u00a0auf Grundlage von Standarddatenschutzklauseln oder mit anderen geeigneten Garantien.\u00a0Ausnahmsweise k\u00f6nnen wir Personendaten in Staaten ohne angemessenen oder geeigneten\u00a0Datenschutz exportieren, wenn dafu\u0308r die besonderen datenschutzrechtlichen Voraussetzungen\u00a0erfu\u0308llt sind, beispielsweise die ausdru\u0308ckliche Einwilligung der betroffenen Personen oder ein\u00a0unmittelbarer Zusammenhang mit dem Abschluss oder der Abwicklung eines Vertrages. Wir\u00a0geben betroffenen Personen auf Nachfrage gerne Auskunft u\u0308ber allf\u00e4llige Garantien oder liefern\u00a0eine Kopie von Garantien.<\/p>\n<p><b>5. Rechte von betroffenen Personen<\/b><\/p>\n<p>Betroffene Personen, u\u0308ber die wir Personendaten bearbeiten, verfu\u0308gen u\u0308ber die Rechte gem\u00e4ss\u00a0schweizerischem Datenschutzrecht. Dazu z\u00e4hlen das Recht auf Auskunft sowie das Recht auf\u00a0Berichtigung, L\u00f6schung oder Sperrung der bearbeiteten Personendaten.\u00a0Betroffene Personen, deren Personendaten wir bearbeiten, k\u00f6nnen \u2013 sofern und soweit die Datenschutz-\u00a0Grundverordnung (DSGVO) anwendbar ist \u2013 unentgeltlich eine Best\u00e4tigung verlangen,\u00a0ob wir sie betreffende Personendaten bearbeiten. In diesem Fall k\u00f6nnen betroffene Personen\u00a0Auskunft u\u0308ber die Bearbeitung ihrer Personendaten verlangen, die Bearbeitung ihrer Personendaten\u00a0einschr\u00e4nken lassen, ihr Recht auf Datenu\u0308bertragbarkeit wahrnehmen sowie ihre\u00a0Personendaten berichtigen, l\u00f6schen (\u00abRecht auf Vergessen\u00bb), sperren oder vervollst\u00e4ndigen lassen.<\/p>\n<p>Betroffene Personen, deren Personendaten wir bearbeiten, k\u00f6nnen \u2013 sofern und soweit die DSGVO\u00a0anwendbar ist \u2013 eine erteilte Einwilligung jederzeit mit Wirkung fu\u0308r die Zukunft widerrufen\u00a0und jederzeit Widerspruch gegen die Bearbeitung ihrer Personendaten erheben.\u00a0Betroffene Personen, u\u0308ber die wir Personendaten bearbeiten, verfu\u0308gen u\u0308ber ein Beschwerderecht\u00a0bei einer zust\u00e4ndigen Aufsichtsbeh\u00f6rde. Aufsichtsbeh\u00f6rde fu\u0308r den Datenschutz in der\u00a0<span>Schweiz ist der <\/span>Eidgen\u00f6ssische Datenschutz- und \u00d6ffentlichkeitsbeauftragte <span>(ED\u00d6B).<\/span><\/p>\n<p><b>6. Datensicherheit<\/b><\/p>\n<p>Wir treffen geeignete technische und organisatorische Massnahmen, um eine dem jeweiligen\u00a0Risiko angemessene Datensicherheit zu gew\u00e4hrleisten. Wir k\u00f6nnen aber keine absolute Datensicherheit\u00a0gew\u00e4hrleisten.\u00a0Der Zugriff auf unsere Website erfolgt mittels Transportverschlu\u0308sselung (SSL \/ TLS, insbesondere\u00a0mit dem Hypertext Transfer Protocol Secure, abgeku\u0308rzt HTTPS). Die meisten Browser\u00a0kennzeichnen Transportverschlu\u0308sselung mit einem Vorh\u00e4ngeschloss in der Adressleiste.\u00a0Unsere digitale Kommunikation unterliegt \u2013 wie grunds\u00e4tzlich jede digitale Kommunikation \u2013\u00a0der Massenu\u0308berwachung ohne Anlass und Verdacht sowie sonstiger \u00dcberwachung durch Sicherheitsbeh\u00f6rden\u00a0in der Schweiz, im u\u0308brigen Europa, in den Vereinigten Staaten von Amerika\u00a0(USA) und in anderen Staaten. Wir k\u00f6nnen keinen direkten Einfluss auf die entsprechende Bearbeitung\u00a0von Personendaten durch Geheimdienste, Polizeistellen und andere Sicherheitsbeh\u00f6rden\u00a0nehmen.<\/p>\n<p><b>7. Nutzung der Website<\/b><\/p>\n<p>7.1 Cookies<\/p>\n<p>Wir k\u00f6nnen Cookies verwenden. Bei Cookies \u2013 eigenen Cookies (First-Party-Cookies) als auch\u00a0Cookies von Dritten, deren Dienste wir nutzen (Third-Party-Cookies) \u2013 handelt es sich um Daten,\u00a0die im Browser gespeichert werden. Solche gespeicherten Daten mu\u0308ssen nicht auf traditionelle\u00a0Cookies in Textform beschr\u00e4nkt sein.\u00a0Cookies k\u00f6nnen im Browser tempor\u00e4r als \u00abSession Cookies\u00bb oder fu\u0308r einen bestimmten Zeitraum\u00a0als sogenannte permanente Cookies gespeichert werden. \u00abSession Cookies\u00bb werden automatisch\u00a0gel\u00f6scht, wenn der Browser geschlossen wird. Permanente Cookies haben eine bestimmte\u00a0Speicherdauer. Cookies erm\u00f6glichen insbesondere, einen Browser beim n\u00e4chsten Besuch unserer Website wiederzuerkennen und dadurch beispielsweise die Reichweite unserer\u00a0Website zu messen. Permanente Cookies k\u00f6nnen aber beispielsweise auch fu\u0308r Online-Marketing\u00a0verwendet werden.\u00a0Cookies k\u00f6nnen in den Browser-Einstellungen jederzeit ganz oder teilweise deaktiviert sowie\u00a0gel\u00f6scht werden. Ohne Cookies steht unsere Website allenfalls nicht mehr in vollem Umfang\u00a0zur Verfu\u0308gung. Wir ersuchen \u2013 mindestens sofern und soweit erforderlich \u2013 aktiv um die ausdru\u0308ckliche\u00a0Einwilligung in die Verwendung von Cookies.<\/p>\n<p>7.2 Server-Logdateien<\/p>\n<p>Wir k\u00f6nnen fu\u0308r jeden Zugriff auf unsere Website nachfolgende Angaben erfassen, sofern diese\u00a0von Ihrem Browser an unsere Server-Infrastruktur u\u0308bermittelt werden oder von unserem Webserver\u00a0ermittelt werden k\u00f6nnen: Datum und Zeit einschliesslich Zeitzone, Internet Protocol\u00a0(IP)-Adresse, Zugriffsstatus (HTTP-Statuscode), Betriebssystem einschliesslich Benutzeroberfl\u00e4che\u00a0und Version, Browser einschliesslich Sprache und Version, aufgerufene einzelne Unter-Seite unserer Website einschliesslich u\u0308bertragener Datenmenge, zuletzt im gleichen Browser-Fenster aufgerufene Webseite (Referer bzw. Referrer).\u00a0Wir speichern solche Angaben, die auch Personendaten darstellen k\u00f6nnen, in Server-Logdateien.\u00a0Die Angaben sind erforderlich, um unsere Website dauerhaft, nutzerfreundlich und zuverl\u00e4ssig\u00a0bereitstellen sowie um die Datensicherheit und damit insbesondere den Schutz von Personendaten\u00a0sicherstellen zu k\u00f6nnen \u2013 auch durch Dritte oder mit Hilfe von Dritten.<\/p>\n<p>7.3 Z\u00e4hlpixel<\/p>\n<p>Wir k\u00f6nnen Z\u00e4hlpixel auf unsererWebsite verwenden. Z\u00e4hlpixel werden auch alsWeb-Beacons\u00a0bezeichnet. Bei Z\u00e4hlpixeln \u2013 auch von Dritten, deren Dienste wir nutzen \u2013 handelt es sich um\u00a0kleine, u\u0308blicherweise nicht sichtbare Bilder, die beim Besuch unserer Website automatisch abgerufen\u00a0werden. Mit Z\u00e4hlpixeln k\u00f6nnen die gleichen Angaben wie in Server-Logdateien erfasst\u00a0werden.<\/p>\n<p><b>8. Dienste von Dritten<\/b><\/p>\n<p>Wir nutzen Dienste von spezialisierten Dritten, um unsere Aktivit\u00e4ten und T\u00e4tigkeiten dauerhaft,\u00a0nutzerfreundlich, sicher und zuverl\u00e4ssig ausu\u0308ben zu k\u00f6nnen. Mit solchen Diensten k\u00f6nnen\u00a0wir unter anderem Funktionen und Inhalte in unsere Website einbetten. Bei einer solchen\u00a0Einbettung erfassen die genutzten Dienste aus technisch zwingenden Gru\u0308nden mindestens zeitweilig\u00a0die Internet Protocol (IP)-Adressen der Nutzerinnen und Nutzer.\u00a0Fu\u0308r erforderliche sicherheitsrelevante, statistische und technische Zwecke k\u00f6nnen Dritte, deren\u00a0Dienste wir nutzen, Daten im Zusammenhang mit unseren Aktivit\u00e4ten und T\u00e4tigkeiten aggregiert,\u00a0anonymisiert oder pseudonymisiert bearbeiten. Es handelt sich beispielsweise um Leistungs-\u00a0oder Nutzungsdaten, um den jeweiligen Dienst anbieten zu k\u00f6nnen.<\/p>\n<p>Wir nutzen insbesondere:<\/p>\n<p>\u2022 <span>Dienste von Google: <\/span>Anbieterinnen: Google LLC (USA) \/ Google Ireland Limited (Irland)\u00a0fu\u0308r Nutzerinnen und Nutzer im Europ\u00e4ischen Wirtschaftsraum (EWR) und in der Schweiz;\u00a0<span>Allgemeine Angaben zum Datenschutz: <\/span>\u00abGrunds\u00e4tze zu Datenschutz und Sicherheit\u00bb<span>, <\/span>Datenschutzerkl\u00e4rung<span>,\u00a0<\/span>\u00abGoogle ist der Einhaltung der anwendbaren Datenschutzgesetze verpflichtet\u00bb<span>, <\/span>\u00abLeitfaden zum Datenschutz in Google-Produkten\u00bb<span>, <\/span>\u00abWie wir Daten vonWebsites\u00a0oder Apps verwenden, auf bzw. in denen unsere Dienste genutzt werden\u00bb (Angaben von\u00a0Google)<span>, <\/span>\u00abVon Google verwendete Cookie-Arten und sonstige Technologien\u00bb<span>, <\/span>\u00abPersonalisierte\u00a0Werbung\u00bb (Aktivierung \/ Deaktivierung \/ Einstellungen)<span>.<\/span><\/p>\n<p>8.1 Digitale Infrastruktur<\/p>\n<p>Wir nutzen Dienste von spezialisierten Dritten, um ben\u00f6tigte digitale Infrastruktur im Zusammenhang\u00a0mit unseren Aktivit\u00e4ten und T\u00e4tigkeiten in Anspruch nehmen zu k\u00f6nnen. Dazu z\u00e4hlen\u00a0beispielsweise Hosting- und Speicherdienste von ausgew\u00e4hlten Anbietern.<\/p>\n<p>Wir nutzen insbesondere:<\/p>\n<p>\u2022 <span>METANET: <\/span>Hosting; Anbieterin: METANET AG (Schweiz); Angaben zum Datenschutz:\u00a0<span>Datenschutzerkl\u00e4rung<\/span>,\u00a0\u00abTechnisch-organisatorische Massnahmen\u00bb<span>.<\/span><\/p>\n<p>\u2022 <span>WordPress.com: <\/span>Blog-Hosting und Website-Baukasten; Anbieterinnen: Automattic Inc.\u00a0(USA) \/ Aut O\u2019Mattic A8C Ireland Ltd. (Irland) fu\u0308r Nutzerinnen und Nutzer unter anderem in\u00a0<span>Europa; Angaben zum Datenschutz: <\/span>Datenschutzerkl\u00e4rung<span>, <\/span>Cookie-Richtlinie<span>.<\/span><\/p>\n<p>8.2 Kartenmaterial<\/p>\n<p>Wir nutzen Dienste von Dritten, um Karten in unsere Website einbetten zu k\u00f6nnen.<\/p>\n<p>Wir nutzen insbesondere:<\/p>\n<p>\u2022 <span>Google Maps <\/span>einschliesslich <span>Google Maps Platform: <\/span>Kartendienst; Anbieterin: Google;\u00a0<span>Google Maps-spezifische Angaben: <\/span>\u00abWie Google Standortinformationen verwendet\u00bb<span>.<\/span><\/p>\n<p><b>9. Schlussbestimmungen<\/b><\/p>\n<p>Wir haben diese Datenschutzerkl\u00e4rung mit dem <span>Datenschutz-Generator <\/span>von <span>Datenschutzpartner\u00a0<\/span>erstellt.\u00a0Wir k\u00f6nnen diese Datenschutzerkl\u00e4rung jederzeit anpassen und erg\u00e4nzen. Wir werden u\u0308ber\u00a0solche Anpassungen und Erg\u00e4nzungen in geeigneter Form informieren, insbesondere durch\u00a0Ver\u00f6ffentlichung der jeweils aktuellen Datenschutzerkl\u00e4rung auf unserer Website.<\/p>\n<\/div>\n<p>[\/et_pb_text][et_pb_divider _builder_version=&#8220;4.19.4&#8243; _module_preset=&#8220;default&#8220; global_colors_info=&#8220;{}&#8220;][\/et_pb_divider][\/et_pb_column][\/et_pb_row][\/et_pb_section]<\/p>\n","protected":false},"excerpt":{"rendered":"<p>Datenschutzerkl\u00e4rung Mit dieser Datenschutzerkl\u00e4rung informieren wir, welche Personendaten wir im Zusammenhang\u00a0mit unseren Aktivit\u00e4ten und T\u00e4tigkeiten einschliesslich unserer\u00a0lebensart-handanalytik.ch-Website bearbeiten. Wir informieren insbesondere, wofu\u0308r, wie\u00a0und wo wir Personendaten bearbeiten. Wir informieren ausserdem u\u0308ber die Rechte von Personen,\u00a0deren Daten wir bearbeiten. Fu\u0308r einzelne oder zus\u00e4tzliche Aktivit\u00e4ten und T\u00e4tigkeiten k\u00f6nnen weitere Datenschutzerkl\u00e4rungen\u00a0sowie sonstige rechtliche Dokumente wie Allgemeine Gesch\u00e4ftsbedingungen (AGB),\u00a0Nutzungsbedingungen [&hellip;]<\/p>\n","protected":false},"author":1,"featured_media":0,"parent":0,"menu_order":0,"comment_status":"closed","ping_status":"closed","template":"","meta":{"_et_pb_use_builder":"on","_et_pb_old_content":"","_et_gb_content_width":"","footnotes":""},"class_list":["post-37","page","type-page","status-publish","hentry"],"_links":{"self":[{"href":"https:\/\/lebensart-handanalytik.ch\/index.php?rest_route=\/wp\/v2\/pages\/37","targetHints":{"allow":["GET"]}}],"collection":[{"href":"https:\/\/lebensart-handanalytik.ch\/index.php?rest_route=\/wp\/v2\/pages"}],"about":[{"href":"https:\/\/lebensart-handanalytik.ch\/index.php?rest_route=\/wp\/v2\/types\/page"}],"author":[{"embeddable":true,"href":"https:\/\/lebensart-handanalytik.ch\/index.php?rest_route=\/wp\/v2\/users\/1"}],"replies":[{"embeddable":true,"href":"https:\/\/lebensart-handanalytik.ch\/index.php?rest_route=%2Fwp%2Fv2%2Fcomments&post=37"}],"version-history":[{"count":14,"href":"https:\/\/lebensart-handanalytik.ch\/index.php?rest_route=\/wp\/v2\/pages\/37\/revisions"}],"predecessor-version":[{"id":806,"href":"https:\/\/lebensart-handanalytik.ch\/index.php?rest_route=\/wp\/v2\/pages\/37\/revisions\/806"}],"wp:attachment":[{"href":"https:\/\/lebensart-handanalytik.ch\/index.php?rest_route=%2Fwp%2Fv2%2Fmedia&parent=37"}],"curies":[{"name":"wp","href":"https:\/\/api.w.org\/{rel}","templated":true}]}}