{"id":25,"date":"2022-12-16T10:23:37","date_gmt":"2022-12-16T10:23:37","guid":{"rendered":"https:\/\/lebensart-handanalytik.ch\/?page_id=25"},"modified":"2026-03-13T10:15:46","modified_gmt":"2026-03-13T10:15:46","slug":"home","status":"publish","type":"page","link":"https:\/\/lebensart-handanalytik.ch\/","title":{"rendered":"home"},"content":{"rendered":"<p>[et_pb_section fb_built=&#8220;1&#8243; _builder_version=&#8220;4.20.2&#8243; _module_preset=&#8220;default&#8220; custom_margin=&#8220;0px|0px|0px|0px|false|false&#8220; custom_padding=&#8220;0px|0px|0px|0px|false|false&#8220; global_colors_info=&#8220;{}&#8220;][et_pb_row _builder_version=&#8220;4.20.2&#8243; _module_preset=&#8220;default&#8220; width=&#8220;100%&#8220; custom_margin=&#8220;0px|0px|0px|0px|false|false&#8220; custom_padding=&#8220;0px|0px|0px|0px|false|false&#8220; global_colors_info=&#8220;{}&#8220;][et_pb_column type=&#8220;4_4&#8243; _builder_version=&#8220;4.19.3&#8243; _module_preset=&#8220;default&#8220; global_colors_info=&#8220;{}&#8220;][et_pb_slider _builder_version=&#8220;4.27.4&#8243; _module_preset=&#8220;default&#8220; height=&#8220;480px&#8220; animation_style=&#8220;fade&#8220; animation_duration=&#8220;2000ms&#8220; animation_starting_opacity=&#8220;20%&#8220; animation_speed_curve=&#8220;linear&#8220; auto=&#8220;on&#8220; auto_speed=&#8220;5000&#8243; global_colors_info=&#8220;{}&#8220;][et_pb_slide heading=&#8220;Workshop 25. + 26. April &#8211; Infos unter events &#038; specials                                                &#8220; image=&#8220;https:\/\/lebensart-handanalytik.ch\/wp-content\/uploads\/2026\/03\/Flyer-Vorderseite-beschnitten.jpg&#8220; admin_title=&#8220;ANMELDESCHLUSS 17.04.2026&#8243; _builder_version=&#8220;4.27.4&#8243; _module_preset=&#8220;default&#8220; background_image=&#8220;https:\/\/lebensart-handanalytik.ch\/wp-content\/uploads\/2023\/03\/Haende-Nadja-vor-Schilf.jpg&#8220; background_enable_image=&#8220;on&#8220; global_colors_info=&#8220;{}&#8220; sticky_transition=&#8220;on&#8220;][\/et_pb_slide][et_pb_slide _builder_version=&#8220;4.20.2&#8243; _module_preset=&#8220;default&#8220; header_level=&#8220;h1&#8243; header_font_size=&#8220;120px&#8220; background_image=&#8220;https:\/\/lebensart-handanalytik.ch\/wp-content\/uploads\/2023\/03\/anke_meier-4812-scaled.jpg&#8220; background_enable_image=&#8220;on&#8220; header_text_color_tablet=&#8220;&#8220; header_text_color_phone=&#8220;&#8220; header_text_color_last_edited=&#8220;on|tablet&#8220; global_colors_info=&#8220;{}&#8220; sticky_transition=&#8220;on&#8220;][\/et_pb_slide][et_pb_slide heading=&#8220;Workshop 25. + 26. April &#8211; Infos unter events &#038; specials&#8220; image=&#8220;https:\/\/lebensart-handanalytik.ch\/wp-content\/uploads\/2026\/03\/Flyer-Vorderseite-beschnitten.jpg&#8220; _builder_version=&#8220;4.27.4&#8243; _module_preset=&#8220;default&#8220; background_image=&#8220;https:\/\/lebensart-handanalytik.ch\/wp-content\/uploads\/2023\/03\/Haende-Gesicht-Hirn-Installation-vor-Schilf.jpg&#8220; background_enable_image=&#8220;on&#8220; global_colors_info=&#8220;{}&#8220; sticky_transition=&#8220;on&#8220;][\/et_pb_slide][\/et_pb_slider][\/et_pb_column][\/et_pb_row][\/et_pb_section][et_pb_section fb_built=&#8220;1&#8243; _builder_version=&#8220;4.19.3&#8243; _module_preset=&#8220;default&#8220; custom_margin=&#8220;0px||||false|false&#8220; custom_padding=&#8220;0px||0px||false|false&#8220; global_colors_info=&#8220;{}&#8220;][et_pb_row _builder_version=&#8220;4.19.3&#8243; _module_preset=&#8220;default&#8220; custom_margin=&#8220;|auto|-50px|auto||&#8220; global_colors_info=&#8220;{}&#8220;][et_pb_column type=&#8220;4_4&#8243; _builder_version=&#8220;4.19.3&#8243; _module_preset=&#8220;default&#8220; global_colors_info=&#8220;{}&#8220;][et_pb_text _builder_version=&#8220;4.20.2&#8243; _module_preset=&#8220;default&#8220; header_font_size=&#8220;100px&#8220; global_colors_info=&#8220;{}&#8220;]<\/p>\n<h1 style=\"text-align: center;\">Handanalyse<\/h1>\n<h2 style=\"text-align: center;\">\u00abEine Reise zu dir Selbst\u00bb<\/h2>\n<p>[\/et_pb_text][et_pb_text _builder_version=&#8220;4.27.4&#8243; _module_preset=&#8220;default&#8220; header_font=&#8220;||||||||&#8220; header_font_size=&#8220;100px&#8220; custom_padding=&#8220;||0px|||&#8220; text_font_tablet=&#8220;&#8220; text_font_phone=&#8220;&#8220; text_font_last_edited=&#8220;on|phone&#8220; text_font_size_tablet=&#8220;&#8220; text_font_size_phone=&#8220;10px&#8220; text_font_size_last_edited=&#8220;on|phone&#8220; global_colors_info=&#8220;{}&#8220;]<\/p>\n<p style=\"text-align: center;\">sich erkennen | sich bewusst werden | nach seiner Art leben<\/p>\n<p>[\/et_pb_text][et_pb_text _builder_version=&#8220;4.27.4&#8243; _module_preset=&#8220;default&#8220; header_font=&#8220;||||||||&#8220; header_font_size=&#8220;100px&#8220; custom_padding=&#8220;||0px|||&#8220; global_colors_info=&#8220;{}&#8220;]<\/p>\n<p style=\"text-align: center;\">Die H\u00e4nde sind eine faszinierende Schl\u00fcsselstelle des K\u00f6rpers, um in die tieferen Schichten vorzudringen und die Pers\u00f6nlichkeit ganzheitlich zu erkennen. Jeder Mensch verk\u00f6rpert unterschiedliche Facetten, manche zeigen wir gern, andere treten in den Hintergrund, weitere Qualit\u00e4ten sind unentdeckt und schlummern im Verborgenen. Mittels einer Handanalyse kann ein Mensch in seiner Komplexit\u00e4t und Einzigartigkeit, mit seinen Talenten und inneren Widerspr\u00fcchen, erfasst werden. Durch das Erkennen des urspr\u00fcnglichen Naturells und entwickelter Schutzstrategien besteht die M\u00f6glichkeit sich selbst wieder ein St\u00fcck n\u00e4her zu kommen \u2013 ein Schritt hin zu mehr Selbstverst\u00e4ndnis, Klarheit und innerer Harmonie.<\/p>\n<p>[\/et_pb_text][et_pb_text _builder_version=&#8220;4.20.2&#8243; _module_preset=&#8220;default&#8220; text_font=&#8220;Allison||||||||&#8220; text_font_size=&#8220;40px&#8220; text_line_height=&#8220;1em&#8220; header_4_font_size=&#8220;57px&#8220; global_colors_info=&#8220;{}&#8220;][\/et_pb_text][et_pb_divider _builder_version=&#8220;4.19.3&#8243; _module_preset=&#8220;default&#8220; global_colors_info=&#8220;{}&#8220;][\/et_pb_divider][et_pb_image src=&#8220;https:\/\/lebensart-handanalytik.ch\/wp-content\/uploads\/2023\/03\/anke_meier-4477-scaled.jpg&#8220; title_text=&#8220;anke_meier-4477&#8243; _builder_version=&#8220;4.20.0&#8243; _module_preset=&#8220;default&#8220; custom_padding=&#8220;||0px|||&#8220; global_colors_info=&#8220;{}&#8220;][\/et_pb_image][et_pb_text _builder_version=&#8220;4.20.2&#8243; _module_preset=&#8220;default&#8220; header_font=&#8220;||||||||&#8220; header_font_size=&#8220;100px&#8220; custom_padding=&#8220;||9px|||&#8220; global_colors_info=&#8220;{}&#8220;]<\/p>\n<p style=\"text-align: center;\">&#8230;die H\u00e4nde erm\u00f6glichen die Kommunikation mit den von aussen verborgenen Strukturen deines Selbst, die sich durch Erfahrungen und Interaktionen mit deinem Umfeld so manifestiert bzw. vorgeburtlich so entwickelt haben. Sehns\u00fcchte, die nach Erf\u00fcllung rufen und Herausforderungen, die das Leben fortw\u00e4hrend belasten, zeigen ihre Spuren tief in deinem Inneren und bilden sich in deiner Hand ab. Aber auch deine Potenziale, ob genutzt oder nicht, finden Ausdruck in deinen H\u00e4nden.<\/p>\n<p style=\"text-align: center;\">Ich lade dich ein auf eine Exkursion in deine innere Landschaft und begleite dich ein St\u00fcck auf deiner <strong>Reise zu dir selbst.<\/strong><\/p>\n<p>[\/et_pb_text][et_pb_divider _builder_version=&#8220;4.19.3&#8243; _module_preset=&#8220;default&#8220; global_colors_info=&#8220;{}&#8220;][\/et_pb_divider][et_pb_image src=&#8220;https:\/\/lebensart-handanalytik.ch\/wp-content\/uploads\/2023\/03\/korrigiert-Handabdruck-auf-Steinuntergrund-scaled.jpg&#8220; title_text=&#8220;korrigiert Handabdruck auf Steinuntergrund&#8220; _builder_version=&#8220;4.20.2&#8243; _module_preset=&#8220;default&#8220; global_colors_info=&#8220;{}&#8220;][\/et_pb_image][et_pb_text _builder_version=&#8220;4.27.4&#8243; _module_preset=&#8220;default&#8220; header_font=&#8220;||||||||&#8220; header_font_size=&#8220;100px&#8220; global_colors_info=&#8220;{}&#8220;]<\/p>\n<p style=\"text-align: center;\"><strong>Leben<\/strong> ist das, was uns allen t\u00e4glich passiert &#8230; und so passiert es manchmal, dass wir und verirren oder uns im Kreis drehen. Die H\u00e4nde zeigen dir, welches deine<br \/>Richtung ist. Dieses tiefe Verst\u00e4ndnis deiner Pers\u00f6nlichkeit unterst\u00fctzt dich, gewisse Umst\u00e4nde zu verstehen und deinen Weg durchs Abenteuer &#8222;Leben&#8220;<br \/>bewusst zu gestalten. So kannst du aktiv Einfluss auf bestehende Umst\u00e4nde nehmen, zu mehr sinnhafter Lebensfreude finden und deine Qualit\u00e4ten<br \/>entdecken.<\/p>\n<p>[\/et_pb_text][et_pb_divider _builder_version=&#8220;4.19.3&#8243; _module_preset=&#8220;default&#8220; global_colors_info=&#8220;{}&#8220;][\/et_pb_divider][et_pb_image src=&#8220;https:\/\/lebensart-handanalytik.ch\/wp-content\/uploads\/2023\/02\/DSC_0610-scaled.jpg&#8220; title_text=&#8220;DSC_0610&#8243; _builder_version=&#8220;4.19.4&#8243; _module_preset=&#8220;default&#8220; global_colors_info=&#8220;{}&#8220;][\/et_pb_image][et_pb_text _builder_version=&#8220;4.20.2&#8243; _module_preset=&#8220;default&#8220; text_font=&#8220;Allison||||||||&#8220; text_font_size=&#8220;40px&#8220; text_line_height=&#8220;1em&#8220; header_4_font_size=&#8220;57px&#8220; global_colors_info=&#8220;{}&#8220;]<\/p>\n<h4 style=\"text-align: center;\"><span>\u201eOft l\u00f6sen die H\u00e4nde ein R\u00e4tsel, mit dem sich der Intellekt vergeblich abm\u00fcht. \u201e<\/span><\/h4>\n<p>\u00a0 \u00a0 \u00a0 \u00a0 \u00a0 \u00a0 \u00a0 \u00a0 \u00a0 \u00a0 \u00a0 \u00a0 \u00a0 \u00a0 \u00a0 \u00a0 \u00a0 \u00a0 \u00a0 \u00a0 \u00a0 \u00a0 \u00a0 \u00a0 \u00a0 \u00a0 \u00a0 \u00a0 \u00a0 \u00a0 \u00a0 \u00a0 \u00a0 \u00a0Carl Jung<span><\/span><\/p>\n<p><span><\/span><\/p>\n<p>[\/et_pb_text][et_pb_divider _builder_version=&#8220;4.19.3&#8243; _module_preset=&#8220;default&#8220; global_colors_info=&#8220;{}&#8220;][\/et_pb_divider][\/et_pb_column][\/et_pb_row][et_pb_row _builder_version=&#8220;4.20.0&#8243; _module_preset=&#8220;default&#8220; background_color=&#8220;#FFFFFF&#8220; background_enable_image=&#8220;off&#8220; parallax=&#8220;on&#8220; width=&#8220;100%&#8220; min_height=&#8220;457.1px&#8220; global_colors_info=&#8220;{}&#8220; column_structure=&#8220;1_2,1_2&#8243;][et_pb_column type=&#8220;1_2&#8243; _builder_version=&#8220;4.19.4&#8243; _module_preset=&#8220;default&#8220; global_colors_info=&#8220;{}&#8220;][et_pb_text _builder_version=&#8220;4.20.0&#8243; _module_preset=&#8220;default&#8220; header_font_size=&#8220;100px&#8220; min_height=&#8220;72.6px&#8220; custom_margin=&#8220;||8px|||&#8220; custom_padding=&#8220;||0px|||&#8220; global_colors_info=&#8220;{}&#8220;]<\/p>\n<h2 style=\"text-align: center;\">Interessiert ?<\/h2>\n<p style=\"text-align: center;\">&#8230; dann sende mir eine Nachricht.\u00a0<\/p>\n<p>&nbsp;<\/p>\n<p>[\/et_pb_text][et_pb_text _builder_version=&#8220;4.19.4&#8243; _module_preset=&#8220;default&#8220; header_font=&#8220;||||||||&#8220; header_font_size=&#8220;100px&#8220; custom_padding=&#8220;0px|||||&#8220; global_colors_info=&#8220;{}&#8220;]<\/p>\n<p style=\"text-align: center;\"><span style=\"font-size: 14px;\"><strong>Termine<\/strong>:\u00a0 \u00a0 <\/span><\/p>\n<p style=\"text-align: center;\"><span style=\"font-size: 14px;\">Mittwoch 9\u00a0 Uhr, 14 Uhr, 17 Uhr<\/span><\/p>\n<p style=\"text-align: center;\"><span style=\"font-size: 14px;\">Freitag 9 Uhr, 14 Uhr, 17 Uhr\u00a0<\/span><\/p>\n<p style=\"text-align: center;\"><span style=\"font-size: 14px;\">oder auf Anfrage\u00a0<\/span><\/p>\n<p>[\/et_pb_text][et_pb_contact_form email=&#8220;anke.meier@bluewin.ch&#8220; _builder_version=&#8220;4.20.0&#8243; _module_preset=&#8220;default&#8220; _unique_id=&#8220;dc03a56d-00ad-4ffc-9b0c-447437182154&#8243; custom_button=&#8220;on&#8220; button_text_color=&#8220;#007a87&#8243; text_orientation=&#8220;left&#8220; width=&#8220;90%&#8220; module_alignment=&#8220;center&#8220; global_colors_info=&#8220;{}&#8220;][et_pb_contact_field field_id=&#8220;Name&#8220; field_title=&#8220;Name&#8220; _builder_version=&#8220;4.16&#8243; global_colors_info=&#8220;{}&#8220; button_text_size__hover_enabled=&#8220;off&#8220; button_one_text_size__hover_enabled=&#8220;off&#8220; button_two_text_size__hover_enabled=&#8220;off&#8220; button_text_color__hover_enabled=&#8220;off&#8220; button_one_text_color__hover_enabled=&#8220;off&#8220; button_two_text_color__hover_enabled=&#8220;off&#8220; button_border_width__hover_enabled=&#8220;off&#8220; button_one_border_width__hover_enabled=&#8220;off&#8220; button_two_border_width__hover_enabled=&#8220;off&#8220; button_border_color__hover_enabled=&#8220;off&#8220; button_one_border_color__hover_enabled=&#8220;off&#8220; button_two_border_color__hover_enabled=&#8220;off&#8220; button_border_radius__hover_enabled=&#8220;off&#8220; button_one_border_radius__hover_enabled=&#8220;off&#8220; button_two_border_radius__hover_enabled=&#8220;off&#8220; button_letter_spacing__hover_enabled=&#8220;off&#8220; button_one_letter_spacing__hover_enabled=&#8220;off&#8220; button_two_letter_spacing__hover_enabled=&#8220;off&#8220; button_bg_color__hover_enabled=&#8220;off&#8220; button_one_bg_color__hover_enabled=&#8220;off&#8220; button_two_bg_color__hover_enabled=&#8220;off&#8220;][\/et_pb_contact_field][et_pb_contact_field field_id=&#8220;Email&#8220; field_title=&#8220;E-Mail-Adresse&#8220; field_type=&#8220;email&#8220; _builder_version=&#8220;4.16&#8243; global_colors_info=&#8220;{}&#8220; button_text_size__hover_enabled=&#8220;off&#8220; button_one_text_size__hover_enabled=&#8220;off&#8220; button_two_text_size__hover_enabled=&#8220;off&#8220; button_text_color__hover_enabled=&#8220;off&#8220; button_one_text_color__hover_enabled=&#8220;off&#8220; button_two_text_color__hover_enabled=&#8220;off&#8220; button_border_width__hover_enabled=&#8220;off&#8220; button_one_border_width__hover_enabled=&#8220;off&#8220; button_two_border_width__hover_enabled=&#8220;off&#8220; button_border_color__hover_enabled=&#8220;off&#8220; button_one_border_color__hover_enabled=&#8220;off&#8220; button_two_border_color__hover_enabled=&#8220;off&#8220; button_border_radius__hover_enabled=&#8220;off&#8220; button_one_border_radius__hover_enabled=&#8220;off&#8220; button_two_border_radius__hover_enabled=&#8220;off&#8220; button_letter_spacing__hover_enabled=&#8220;off&#8220; button_one_letter_spacing__hover_enabled=&#8220;off&#8220; button_two_letter_spacing__hover_enabled=&#8220;off&#8220; button_bg_color__hover_enabled=&#8220;off&#8220; button_one_bg_color__hover_enabled=&#8220;off&#8220; button_two_bg_color__hover_enabled=&#8220;off&#8220;][\/et_pb_contact_field][et_pb_contact_field field_id=&#8220;Message&#8220; field_title=&#8220;Nachricht&#8220; field_type=&#8220;text&#8220; fullwidth_field=&#8220;on&#8220; _builder_version=&#8220;4.16&#8243; global_colors_info=&#8220;{}&#8220; button_text_size__hover_enabled=&#8220;off&#8220; button_one_text_size__hover_enabled=&#8220;off&#8220; button_two_text_size__hover_enabled=&#8220;off&#8220; button_text_color__hover_enabled=&#8220;off&#8220; button_one_text_color__hover_enabled=&#8220;off&#8220; button_two_text_color__hover_enabled=&#8220;off&#8220; button_border_width__hover_enabled=&#8220;off&#8220; button_one_border_width__hover_enabled=&#8220;off&#8220; button_two_border_width__hover_enabled=&#8220;off&#8220; button_border_color__hover_enabled=&#8220;off&#8220; button_one_border_color__hover_enabled=&#8220;off&#8220; button_two_border_color__hover_enabled=&#8220;off&#8220; button_border_radius__hover_enabled=&#8220;off&#8220; button_one_border_radius__hover_enabled=&#8220;off&#8220; button_two_border_radius__hover_enabled=&#8220;off&#8220; button_letter_spacing__hover_enabled=&#8220;off&#8220; button_one_letter_spacing__hover_enabled=&#8220;off&#8220; button_two_letter_spacing__hover_enabled=&#8220;off&#8220; button_bg_color__hover_enabled=&#8220;off&#8220; button_one_bg_color__hover_enabled=&#8220;off&#8220; button_two_bg_color__hover_enabled=&#8220;off&#8220;][\/et_pb_contact_field][\/et_pb_contact_form][et_pb_text _builder_version=&#8220;4.20.0&#8243; _module_preset=&#8220;default&#8220; link_text_color=&#8220;#007a87&#8243; width=&#8220;90%&#8220; module_alignment=&#8220;center&#8220; custom_margin=&#8220;||||false|false&#8220; global_colors_info=&#8220;{}&#8220;]<\/p>\n<p>Oder per E-Mail an: <a href=\"mailto:info@lebensart-handanalytik.ch\">info@lebensart-handanalytik.ch<\/a><\/p>\n<p>[\/et_pb_text][\/et_pb_column][et_pb_column type=&#8220;1_2&#8243; _builder_version=&#8220;4.19.4&#8243; _module_preset=&#8220;default&#8220; global_colors_info=&#8220;{}&#8220;][et_pb_text _builder_version=&#8220;4.27.4&#8243; _module_preset=&#8220;default&#8220; hover_enabled=&#8220;0&#8243; sticky_enabled=&#8220;0&#8243;]<!-- Calendly Inline-Widget Beginn --><\/p>\n<div class=\"calendly-inline-widget\" data-url=\"https:\/\/calendly.com\/anke-meier\/handanalyse\" style=\"min-width:320px;height:700px;\"><\/div>\n<p><script type=\"text\/javascript\" src=\"https:\/\/assets.calendly.com\/assets\/external\/widget.js\" async><\/script><br \/>\n<!-- Calendly Inline-Widget Ende -->[\/et_pb_text][\/et_pb_column][\/et_pb_row][\/et_pb_section]<\/p>\n","protected":false},"excerpt":{"rendered":"<p>Handanalyse \u00abEine Reise zu dir Selbst\u00bbsich erkennen | sich bewusst werden | nach seiner Art lebenDie H\u00e4nde sind eine faszinierende Schl\u00fcsselstelle des K\u00f6rpers, um in die tieferen Schichten vorzudringen und die Pers\u00f6nlichkeit ganzheitlich zu erkennen. Jeder Mensch verk\u00f6rpert unterschiedliche Facetten, manche zeigen wir gern, andere treten in den Hintergrund, weitere Qualit\u00e4ten sind unentdeckt und schlummern [&hellip;]<\/p>\n","protected":false},"author":1,"featured_media":0,"parent":0,"menu_order":0,"comment_status":"closed","ping_status":"closed","template":"","meta":{"_et_pb_use_builder":"on","_et_pb_old_content":"","_et_gb_content_width":"","footnotes":""},"class_list":["post-25","page","type-page","status-publish","hentry"],"_links":{"self":[{"href":"https:\/\/lebensart-handanalytik.ch\/index.php?rest_route=\/wp\/v2\/pages\/25","targetHints":{"allow":["GET"]}}],"collection":[{"href":"https:\/\/lebensart-handanalytik.ch\/index.php?rest_route=\/wp\/v2\/pages"}],"about":[{"href":"https:\/\/lebensart-handanalytik.ch\/index.php?rest_route=\/wp\/v2\/types\/page"}],"author":[{"embeddable":true,"href":"https:\/\/lebensart-handanalytik.ch\/index.php?rest_route=\/wp\/v2\/users\/1"}],"replies":[{"embeddable":true,"href":"https:\/\/lebensart-handanalytik.ch\/index.php?rest_route=%2Fwp%2Fv2%2Fcomments&post=25"}],"version-history":[{"count":53,"href":"https:\/\/lebensart-handanalytik.ch\/index.php?rest_route=\/wp\/v2\/pages\/25\/revisions"}],"predecessor-version":[{"id":1086,"href":"https:\/\/lebensart-handanalytik.ch\/index.php?rest_route=\/wp\/v2\/pages\/25\/revisions\/1086"}],"wp:attachment":[{"href":"https:\/\/lebensart-handanalytik.ch\/index.php?rest_route=%2Fwp%2Fv2%2Fmedia&parent=25"}],"curies":[{"name":"wp","href":"https:\/\/api.w.org\/{rel}","templated":true}]}}